 3*l - 3. Suppose 2*k - 30 = -4*v, -v = 2*k + 7 - 22. Let d = k - 8. Determine m(d).
-3
Let h(u) = -u**2 + 7*u + 6. Let l = 49 - 41. What is h(l)?
-2
Let t be (4/(-2))/((-2)/(-3)). Let j be 3/(-9) + (-1)/t. Let b(m) = m**3 + m**2 - m - 7. What is b(j)?
-7
Let r(m) = -m**2 + 2*m + 5. Let q(v) be the first derivative of v**2/2 - 2*v + 1. Let b be q(4). Suppose -2*i + 10 + 2 = 2*w, 5*w = b*i + 16. What is r(w)?
-3
Suppose 0 = -0*a - 2*a + 2. Let m(v) = 2*v - 3*v**2 - 4*v**2 - a + 4*v**2 - 2*v**3 + v**2. Let z be 0*2/(-6) - -1. Determine m(z).
-3
Let j(w) = 0*w**2 - 6*w**3 + 3*w**2 + 2*w + 7*w**3 - 1. Let z be j(-2). Let q(r) = -11*r - r + 2*r. Give q(z).
10
Let l(x) = x**3 - 4*x**2 - 4. Let k = 18 - 14. What is l(k)?
-4
Let n = -4 + 7. Let l(w) = w - 2*w + n + w**2 - 5*w. Let h(j) = j + 10. Let i be h(-6). What is l(i)?
-5
Let h(l) = l + 5. Let r be h(-6). Let m = 3 + 6. Let s(j) = m*j**2 + 5*j - 4*j**2 + 1 - 3*j. What is s(r)?
4
Let s(q) = 6*q. Let w(g) = 1. Let i(c) = s(c) + 3*w(c). What is i(-4)?
-21
Let w(m) = -2*m + 4. Let q(o) = o**3 + 6*o**2 + 5*o. Let b be q(-5). Suppose 0*c - 5*c + 50 = b. Suppose c = k + k. Determine w(k).
-6
Let d(j) be the second derivative of j**6/120 - j**5/60 - 5*j**4/24 + j**3/3 - 5*j**2/2 + 6*j. Let y(z) be the first derivative of d(z). What is y(3)?
5
Let b be 6 + -8 + (3 - -1). Let v(o) = -2 + 6 + b*o - 4*o**2 - 3. Calculate v(-1).
-5
Let m(o) = -5*o. Let d = 18 - 19. What is m(d)?
5
Let x(s) = s. Let i(n) = -n**3 - 9*n**2 - 9*n - 3. Suppose 0*c = -2*c + 5*u - 21, 9 = -c + u. Let w be i(c). Determine x(w).
5
Let n be (3/(-2))/(1/(-2)). Let q(v) = v**2 - 4*v**3 - 7*v + 3*v + 2*v**2 + 2 + n*v**3. Let d = 4 + -2. Calculate q(d).
-2
Let v(o) = o**2 + 5*o - 10. Let w be v(-7). Let u(i) = 2*i**3 + 38 - 3*i**3 - 3*i - 35 + w*i**2. Give u(3).
3
Let b be 26/10 - (-2)/5. Suppose -2*o - o + 9 = -3*d, 0 = -3*d - 5*o + 23. Let g(n) = -b*n + 5*n - d - 3*n. Determine g(0).
-1
Let b(d) = -2*d - 8. Let w(t) = -2*t**3 + 3*t**2 - 2. Let o be w(2). Determine b(o).
4
Let v(s) = 3 + 5*s**2 - 2*s**3 + s**3 + 5*s + 2*s**3. Suppose 15 = 2*x + 3*x. Suppose 0 = -y - x. Determine v(y).
6
Let q = -3 - 6. Let x be (-6)/2*(-6)/q. Let u be 3/(-1) - x - 3. Let b(k) = -k**3 - 5*k**2 - 3*k - 4. Give b(u).
-8
Let u(r) = 6*r**3 + 5*r**2 + 6*r - 11. Let p(z) = z**3 + z**2 + z - 1. Let l(a) = 5*p(a) - u(a). Suppose 0 = -4*k - s - 3, 4*s = -11 - 1. Give l(k).
6
Let t(i) = -2*i**3 - 2*i - 1 + 0*i**3 + i**3 - 3*i**2. Suppose -2*o + 12 = -10. Let m = -13 + o. Determine t(m).
-1
Let z(s) be the first derivative of -s**5/30 - s**3/6 + 3*s**2 + 2. Let f(w) be the second derivative of z(w). Give f(2).
-9
Suppose 3 = 5*y - 2. Let s(h) = -5 + 0 + y - h. Let r be 3*5/6*-2. Determine s(r).
1
Let r(x) be the first derivative of -x**4/4 + x**3/3 + x**2/2 + x - 5. Let q(p) = p**3 - 9*p**2 - 5*p + 5. Let b(z) = -q(z) - 2*r(z). Give b(-6).
11
Let x(f) = -f + 1. Let d(l) = -l + 2. Let o(n) = -3*d(n) + 5*x(n). Suppose k + 8 = -2*w, k + 2*w = -w - 12. Suppose -s + 4 = -k*s. Determine o(s).
-9
Let f(r) = 3*r**2 + 2*r - 4. Let j = 7 + -9. Let n(q) = 4*q**2 + 2*q - 4. Let i(l) = j*n(l) + 3*f(l). What is i(-4)?
4
Let u(z) = z - 6. Let f be u(11). Let v(t) = 0*t**2 + 5*t**2 + 5 - 4*t**3 - 5*t + f*t**3. Give v(-6).
-1
Let c(x) = 3*x**2 - 4*x - 7. Let r(v) = -2*v**2 + 2*v + 4. Let a(b) = 3*c(b) + 5*r(b). Suppose 5*p + 14 = 2*g, 2*p - 5*p - 2*g = 2. Determine a(p).
-1
Suppose -4*z + 8 = -4*s, 4*z + s + 11 = 24. Let a(k) = 0 - 6*k - 1 - z*k**2 + 2*k**2. Let b = -104 + 100. Give a(b).
7
Let b(r) = -r**3 + 445*r + 8*r**2 + 11 - 220*r - 226*r. What is b(8)?
3
Let c(g) = -g**3 - 15*g**2 - 13*g + 9. Let p be c(-14). Let w(h) = h**2 + 6*h + 3. Give w(p).
-2
Suppose -25 = -5*p - b - 0, 3*b + 27 = 2*p. Suppose 0*x + 2*x = p. Let h(y) = -2*y + 2 - 5 - 1 + x*y. What is h(-3)?
-7
Let l(j) = -1 + 4 + 2*j**2 - 2*j - 5*j**3 + 0 - 2. Determine l(1).
-4
Let b(x) = 3*x**3 + 5*x**2 - x - 1. Let k = 1 - 0. Let o(y) = y**3 + 1. Let j(c) = k*b(c) - 2*o(c). What is j(-5)?
2
Let t(w) be the first derivative of w**4/4 + 5*w**3/3 - 2. Calculate t(-5).
0
Let y(u) = -5*u**3 - 2*u**2 + 1. Let i(z) = -z + 6. Let q be i(3). Suppose 4*b + q*r + 17 = -b, 0 = 2*r + 8. Determine y(b).
4
Let f(p) = 4*p**3 - 3 - 3*p**3 + 0*p - 2*p + 3*p**2. Give f(-3).
3
Suppose -4*d = -1 - 27. Let c(p) = -2*p - 10. Let x(r) = -r - 1. Let s(i) = c(i) - 3*x(i). Give s(d).
0
Let p(k) = -6*k - 10. Let o(z) = -z - 2. Let v(r) = 11*o(r) - 2*p(r). Let x be 15*(-4)/(-24)*2/(-1). Calculate v(x).
-7
Suppose 3*b + 2 = -7. Let m(o) be the first derivative of -o**3/3 - 5*o**2/2 - 3*o + 1. Calculate m(b).
3
Let i(g) = 20*g**3 - 7*g**2 + 6*g + 6. Let x(d) = -40*d**3 + 13*d**2 - 11*d - 11. Let r(n) = 11*i(n) + 6*x(n). What is r(1)?
-19
Let t(c) = -4*c**2 - 2*c - 4. Let r(f) = -f**2 + 3 - 3 + 0*f + f. Let o(s) = 3*r(s) - t(s). What is o(-4)?
0
Let q = -4 + -2. Let n be 0*(1 - (-3)/q). Let r(o) = -o**2 - 3*o + 1. Let f(u) = -2*u**2 - 5*u + 2. Let b(m) = -3*f(m) + 5*r(m). Determine b(n).
-1
Let m = 4 - 2. Let v(b) be the second derivative of -b**4/12 + b**3/3 + b**2 - 65*b. Calculate v(m).
2
Let g(c) be the first derivative of c**2 - 5*c + 1. Let u be (10/(-4))/(2/16). Let z be (10/25)/((-2)/u). Calculate g(z).
3
Let y(i) be the first derivative of i**2/2 - 7*i - 2. Let p(n) = -n**3 - 4*n**2 - n + 2. Let v be p(-4). Let g be 4/3*v/2. Determine y(g).
-3
Let z(x) = 6 - 19 + 5 + 7*x**2 + 11 - x**3. What is z(7)?
3
Let t(l) = l + 10. Suppose 3*o + 50 = -2*o. Let m be t(o). Suppose m = -2*f + 4*w - 18, 2*f + 2*f - w + 1 = 0. Let a(h) = 8*h + 1. Determine a(f).
9
Suppose 1 + 8 = 3*i. Let h(b) = b**3 - 2*b**2 - 4*b + 2. What is h(i)?
-1
Let y(m) = 2*m**3 - 5*m**2 + 7*m - 4. Let f(q) = 5*q**3 - 11*q**2 + 15*q - 9. Let k(n) = -3*f(n) + 7*y(n). Suppose 0 = b - 4*b - 9. Determine k(b).
-4
Let w be 2/9 + (-183)/(-27). Let f(z) = z - 4. Let i be f(w). Let g(a) = 3 + 13*a**3 - 12*a**3 - 1 - i*a. What is g(2)?
4
Suppose 2*c + d = 6*c - 3, -4*c + 33 = 5*d. Suppose -4 = g - 4*t, -3*t = -c*g + t. Let q(l) = -4 + g - 7*l. Calculate q(1).
-7
Let j = -9 - -14. Suppose 4*d + 3*v - 24 = d, j*v = 2*d + 19. Let a(i) = i**3 - 3*i**2 + 2*i - 4. Determine a(d).
2
Let u(x) = -5*x**2 - 5*x + 4. Let v(z) = 7*z**2 + 5*z - 3. Let g(f) = -3*u(f) - 2*v(f). Give g(-6).
0
Let n(s) be the first derivative of -s**3/3 + s**2/2 + 2*s - 3. Calculate n(2).
0
Let f(g) = -2*g**2 - 4*g - 1. Let y = 37 + -22. Let u = y + -18. Calculate f(u).
-7
Let k(z) be the second derivative of 1/6*z**3 + 0 + 2*z**2 - 3*z. Let g = 10 - 14. Calculate k(g).
0
Let f(p) = -p + 6. Let o(x) = 15*x - 7 - 14*x + 1. Let q(d) = 6*f(d) + 5*o(d). What is q(6)?
0
Let t(j) be the first derivative of -7 + j**2 + 2 - 2*j + 0*j + 0*j**2. Determine t(4).
6
Let o(t) be the first derivative of t**2/2 - t + 9. Give o(-5).
-6
Let w be (12/(-20))/(4/(-40)). Let l(j) = j**3 - 5*j**2 - 8*j + 3. Calculate l(w).
-9
Let q(a) = 4*a + 2. Let k be 4/24*4*3. Determine q(k).
10
Let f be (10/(-15))/(2/(-9)). Let i(s) = f*s + 0*s - 5*s - s**2 + 4. Let k = -3 - 0. Give i(k).
1
Let m(h) = 3*h + 1. Let b(o) = 5*o**3 + o**2 - 2*o + 1. Let d be b(1). Suppose d - 17 = -3*p. What is m(p)?
13
Let p(r) be the first derivative of -r**3/3 + 7*r**2/2 + r - 40. Suppose -6 = -2*w + w. Calculate p(w).
7
Let z(d) be the second derivative of 1/10*d**5 + 0*d**4 - 1/2*d**2 + 1/3*d**3 + 3*d + 0. Let a = 3 + -2. Calculate z(a).
3
Let i(n) = 4*n**3 + 3*n**2 - 10*n + 12. Let c(b) = 5*b**3 + 2*b**2 - 11*b + 13. Let q(m) = 3*c(m) - 4*i(m). Determine q(-7).
-9
Let z(l) = -5*l + 0*l**2 - 7*l**3 + 5*l + l**2. Give z(-1).
8
Let k be (10/(-8))/(8/(-64)). Let u be k/(-2) + (-1)/(-1). Let c(s) = s**3 + 4*s**2 - 2. Calculate c(u).
-2
Let p(m) be the third derivative of 0*m - 1/60*m**5 + 1/24*m**4 + 0 + 4*m**2 + 1/3*m**3. Calculate p(0).
2
Let j(r) = -3*r**3 + 3*r**2 - 4*r + 3. Let b(c) = 7*c**3 - 5*c**2 + 8*c - 7. Let h(i) = -i + 4. Let w be h(6). Let z(l) = w*b(l) - 5*j(l). Give z(4).
-1
Suppose -2*n - 14 = k, 6 = -k - 2*k + 3*n. Let h be (-4)/k*(5 - 2). Let g(d) = -2*d. Determine g(h).
-4
Let z(s) = s**2 - 5*s + 5. Suppose 2*u + 1 = 3. Suppose -i + 3*v + 0 + u = 0, -6 = -2*i + 2*v. Calculate z(i).
1
Suppose 4*t = j - 7, -4*t - 5 = -2*j + t. Let g(z) be the third deri